mainder when ((-2)/(-1) - 52)*r is divided by 17?
16
Let i(h) = -3*h**3 - 13*h**2 - 13*h - 8. Let t be i(-9). Calculate the remainder when 91 is divided by t/55 - (-4)/10.
22
Let x(m) = -3*m**3 - 22*m**2 - 5*m + 24. Suppose 0 = -3*w - 0*w + 171. What is the remainder when w is divided by x(-7)?
7
Suppose 2*b = -b - f + 1282, 0 = -b + 3*f + 434. Suppose -b = -6*d + 346. What is the remainder when d is divided by 22?
19
Suppose -1661 = -2*a - 9*a. Calculate the remainder when a is divided by 51.
49
Let x(h) be the first derivative of 5*h**2/2 - 10*h - 11. Calculate the remainder when x(10) is divided by 7.
5
Let z(j) = 2*j**2 - 38*j - 34. What is the remainder when z(22) is divided by 20?
18
What is the remainder when (93/12)/((7/(-8))/(-7)) is divided by -2 + (2 - (-4 + -12))?
14
Let w be ((-10)/(-12))/(5/30). Suppose 57 = w*v - 128. What is the remainder when v is divided by 19?
18
Calculate the remainder when 557 is divided by 1079/52 - ((-3)/(-4))/1.
17
Let q = 143 + -85. Suppose -b + q = -v, 3*v - 52 = 4*v - 4*b. What is the remainder when 5 is divided by 2/(-5) + v/(-25)?
1
Let g be (0 + (-108)/(-4))*5. Suppose -5*f = -0*f - g. What is the remainder when f is divided by (-5 + 0)/5 - -15?
13
What is the remainder when (-2 + 167)*(0 + 1) is divided by 28?
25
Let f(k) = -7*k + 42. Calculate the remainder when 25 is divided by f(4).
11
Suppose 2*b - 2 = 0, -2*p - 2*p + 1100 = -4*b. Let j = 393 - p. What is the remainder when j is divided by 17?
15
Let b(m) = -m**3 + 8*m**2 - 2*m - 8. Calculate the remainder when 944 is divided by b(7).
26
Suppose 39*x = 1635 + 2772. What is the remainder when x is divided by 33?
14
Suppose 2*i = -5*a + 45, -4*i = -18 - 2. Let k = -247 + 259. Suppose -2*r = -3*y - 39, -5*r + 3*y = -k - 99. What is the remainder when r is divided by a?
3
Suppose -4*t + 3*m = -8, t - 4*m + 11 = -0*m. Let y(b) = b**3 - 5*b**2 + 8. Suppose -30 = -4*i - i. Calculate the remainder when y(t) is divided by i.
2
Let g = 229 + -174. Calculate the remainder when g is divided by 2/3 - (-176)/6.
25
Suppose 3*r = 4*r + 4*l - 87, 393 = 5*r - l. What is the remainder when r is divided by 3 - -10*2/4?
7
Let l = -97 - -46. Let f = -39 - l. Calculate the remainder when 45 is divided by f.
9
Suppose 5*s - s - 12 = -5*v, v + s = 2. Suppose -v*x + 3*x = -5*k - 26, 0 = 5*k - 5. Calculate the remainder when 122 is divided by x.
29
Suppose -2*o = 3*m - 5*m + 12, 4*m - 18 = o. Suppose -m*j = -51 - 9. What is the remainder when 56 is divided by j?
11
Let i(a) = 20*a - 338. Calculate the remainder when 1516 is divided by i(18).
20
Let u(k) = -k**3 - 8*k**2 + 22*k - 3. Let w be u(-10). Let x = w + 52. Calculate the remainder when 3 + (116 - (-1 - -5)) is divided by x.
28
Suppose -c + 2*p = 0, -c + 45 = 2*c + 3*p. Suppose c*f - 195 = 5*f. Suppose 0 = -4*q - 8 + 88. What is the remainder when f is divided by q?
19
Suppose 12 = -2*w + y, 2*w = -2*y + 5*y - 4. Let q(f) = -2 - 1 - 3*f - 1. What is the remainder when 39 is divided by q(w)?
19
Calculate the remainder when (-3408)/(-10) + 16/80 is divided by 8.
5
Let q = -406 - -424. What is the remainder when q is divided by 17?
1
Let b = 125 - 60. Suppose 3*d - 3 = 12. Suppose 16 + 99 = d*f. What is the remainder when b is divided by f?
19
Let r(a) = a**2 + 8*a + 17. Let q be r(-6). Let h(d) = -2*d**3 - 5*d**2 - 4*d - 1. Calculate the remainder when 564/15 - ((-2)/q + 0) is divided by h(-3).
18
Let y(t) = -33*t + 320. What is the remainder when 99 is divided by y(8)?
43
Let f = 6 + -6. Suppose -3*d = -f*d + h - 28, 0 = -3*d + 4*h + 38. Calculate the remainder when 98 is divided by d.
8
Let x(r) = r**2 - 13*r - 8. Let m = 45 + -30. What is the remainder when x(m) is divided by 8?
6
Let d = 230 + -179. Let g(h) = 150*h**2 - h - 1. What is the remainder when g(-1) is divided by d?
48
Let j(d) = 15*d**2 - 23*d - 29. Let a = 11 - 5. Let t(q) = -5*q**2 + 8*q + 10. Let n(c) = a*j(c) + 17*t(c). Calculate the remainder when 77 is divided by n(-2).
17
Let w = -35 + 48. Let y(v) be the second derivative of v**5/20 + 37*v**2/2 - v. What is the remainder when y(0) is divided by w?
11
Let x = 179 + -166. What is the remainder when 47 is divided by x?
8
Suppose 7 - 27 = -4*h. Suppose 2*t = 5*g - g - 248, 310 = h*g + t. What is the remainder when g is divided by 22?
18
Calculate the remainder when (60/9)/(40/816) is divided by 17.
0
Suppose 8*w - 70 = 354. Suppose 0 = 3*g - 67 - 14. Suppose 2*h - 1 = g. What is the remainder when w is divided by h?
11
Let s(h) = 3*h**2 - 10*h - 138. What is the remainder when s(14) is divided by 96?
22
Let q(s) = -7*s - 9. Let t(o) = 2*o**2 + 2*o + 2. Let c be t(-2). Suppose v + 80 = c*v. Calculate the remainder when q(-10) is divided by v.
13
Let n(o) = 3*o + 11. Let s be (-5)/10 + (-17)/(-2). What is the remainder when n(s) is divided by 12?
11
Let b(p) = -7*p - 6. Let d(c) = -c - 19. Let j be d(-10). What is the remainder when b(j) is divided by 13?
5
Suppose -3*m - 36 = -21, 3*m + 71 = 2*u. What is the remainder when 70 is divided by u?
14
Let j(y) = 75*y - 180. What is the remainder when j(3) is divided by 38?
7
Let o(j) = j**3 - j**2. Let s be o(-1). Let u = 79 + -80. What is the remainder when (u + 70/(-4))*s is divided by 13?
11
Let j = 100 - 87. Suppose 33 = 16*o - j*o. Calculate the remainder when 74 is divided by o.
8
Let r = -221 - -251. What is the remainder when 147 is divided by r?
27
Let x(b) = 4*b - 7. Suppose -3*u + 5*u - 8 = 2*s, 1 = 2*u + 5*s. Suppose f - 3*f = u*o - 105, -5*f + 140 = 4*o. What is the remainder when o is divided by x(5)?
9
Suppose 2*z = -6*z + 80. What is the remainder when (-308)/(-35) + (-8)/z is divided by 6?
2
Suppose -21*o + 5045 = -4552. Calculate the remainder when o is divided by 77.
72
Suppose -4*w + 2*k + 6 = 0, 4*k + 5 - 33 = -2*w. What is the remainder when 323 is divided by w*1/(-14) + (-760)/(-14)?
53
Let o = 5 + 3. Suppose 3*p + 335 = o*p. Suppose 4*s - p = -3*y, -3*y - 2*s + 0*s = -65. What is the remainder when 61 is divided by y?
19
Let h(m) = 12*m + 188. What is the remainder when h(-4) is divided by 62?
16
Let k(y) be the third derivative of -3*y**2 + 0*y + 2/15*y**5 - 7/24*y**4 + 5/3*y**3 + 0 - 1/120*y**6. Calculate the remainder when 18 is divided by k(7).
8
Suppose 0 = 2*h - h - 182. Suppose 5*m + 32 = h. Suppose 82*x - 58*x = 2112. Calculate the remainder when x is divided by m.
28
Suppose -11*u + 337 = -4. Calculate the remainder when u is divided by 18.
13
Let a(t) = 32*t - 8. Let k be a(6). Calculate the remainder when 28 is divided by 1/(-3) - k/(-12).
13
Suppose 12 = 2*i - 4*r, 5*i + 3 + 9 = -4*r. Suppose j = 2*n - 71, 69 = 2*n - i*n + j. Calculate the remainder when n is divided by 19.
16
Suppose f + 2*f + l = 10, 14 = -3*f + 5*l. Suppose -2*m = f - 12. What is the remainder when m is divided by 3?
2
Let v be (-6)/(-9) + 520/(-24). What is the remainder when 7/(v/(-2))*18 is divided by 5?
2
Suppose 0 = -14*r + 43*r - 435. What is the remainder when 8/(-12) - (-268)/6 is divided by r?
14
Suppose 0 = -3*l - 33 - 0. Let i = l + 14. Calculate the remainder when 17 is divided by ((-15)/i - 0)/(-1).
2
Let o = -39 + 95. Let a = o + -40. Calculate the remainder when a is divided by 6.
4
Let n = 2 - 4. Let b(j) = j**3 + 3*j**2 - j + 1. Let g(s) = -5*s - 7. What is the remainder when g(-5) is divided by b(n)?
4
Let q(y) = -y**3 + 7*y**2 + 5. Let j be q(7). Suppose j = -2*x - 1. What is the remainder when 23 is divided by (-4)/(x*(-2)/(-9))?
5
Let j be 0 - -1 - 4 - 2. Let y(k) = 7*k**2 + 6*k - 7. Let w be y(j). Suppose -4*h + w = 50. What is the remainder when h is divided by 12?
10
Suppose -s + 0*s + 40 = 0. What is the remainder when 239 is divided by s?
39
Let j(s) = -s - 10. Let w be j(-14). Suppose -w*a = -5*a + 3*p + 33, 0 = -5*a + 3*p + 117. What is the remainder when a is divided by 11?
10
Suppose -4*y + y = q + 20, 0 = -4*y - 3*q - 30. Let p be y/21 - (-132)/21. Suppose p*w - 2*w = 44. What is the remainder when 43 is divided by w?
10
Suppose 0 = 57*j - 9*j - 8688. What is the remainder when j is divided by 12?
1
Let u = -49 - -257. Calculate the remainder when u is divided by 18.
10
Let y(q) = 4*q**2 - 4*q + 3. Calculate the remainder when 10/((-1)/(-36)*9) is divided by y(2).
7
Suppose -b = -0 - 2. Let i = -4 + 8. Suppose 3